+ -16 + 15))?
1
What is the value of -1 - -4 - (3 - (1 - -3))?
4
What is the value of 17 - (-7 - (3 - 16) - (0 - -2))?
13
Calculate 4 + 4 + (12 + -1 - 11).
8
What is the value of 1 + 8 + -5 - 17?
-13
What is 741 + -769 + -2 + 15?
-15
What is (21 - ((16 - -25) + -23)) + (0 - 37)?
-34
Evaluate 239 + -250 + (23 - 1).
11
What is the value of 17 - (26 + -2 - -9)?
-16
What is -2 + 1 - (4 - -2 - -6)?
-13
Evaluate 18 + (9 - 28) + (2 - 14 - -3).
-10
-11 + -10 - (-15 + -27)
21
What is (-9 - 2) + -96 + 97?
-10
What is the value of -8 - ((-15 - -11) + -5)?
1
Calculate -4 + (17 - (6 - 0)) + 6 + 0.
13
Calculate 9 - (1 + -1 + (20 - 21)).
10
Calculate (-18 - -30) + -11 - 3.
-2
-11 + (-14 + 6 - -14)
-5
5 + (-44 - -39) - (-18 + (1 - 0))
17
1 - (6 - 22 - -31)
-14
What is the value of -176 + 150 - (-20 + 1)?
-7
What is 8 + (-18 - (10 - 11))?
-9
Evaluate 15 + (4 + -12 - 4) - -5.
8
What is the value of (0 - (4 + -2)) + 0 + (121 - 108)?
11
Calculate 4 + 3 + -12 + 11.
6
Evaluate 3 + -13 - -3 - 1 - -5.
-3
What is the value of 5 - (-5 + 12) - (4 + 4 + -2)?
-8
What is -32 + 16 + -10 + -6 + 6 + 3?
-23
What is the value of (26 - 18 - 14) + 0 + (-2 - -3)?
-5
What is the value of (-13 - 2) + (-17 - (35 + -39))?
-28
What is 844 - 839 - (9 - (1 + -2))?
-5
Calculate -18 - 1 - (-9 - (-12 + -3 - -3)).
-22
-80 + 98 + (-8 - -1)
11
What is (1 - 9) + (57 - 22) + -27?
0
What is -28 + 8 + (1 - -3)?
-16
Evaluate -3 + 15 + 335 + -336.
11
Evaluate 14 - 3 - (-8 - -11 - 0).
8
-294 + 294 - (1 + 29)
-30
Evaluate -9 + 2 + (34 - 20).
7
Evaluate (-10 - -29 - -1) + 15 - 16.
19
(33 - (-22 - -42)) + (9 - 7)
15
-16 - (-10 + -21 + 14)
1
What is 14 + 10 + (8 - 18)?
14
Evaluate -4 + 10 + -3 + (-1 - -22 - 7).
17
Evaluate 9 + (23 + -14 - (-2 - -24)).
-4
What is the value of -14 + 16 + (3 + -2 - 0)?
3
What is the value of -5 + (11 - 3) - (9 + -1)?
-5
14 - (12 + 1 + (-97 - -80))
18
What is the value of (-37 - -64) + (1 - 12) - 10?
6
What is the value of -28 - -14 - 4 - -6?
-12
What is -40 - (50 - 21 - 49)?
-20
Evaluate 6 + -10 + 11 + 10 + -20.
-3
Evaluate (5 + -9 + 10 - 35) + 8 - 0.
-21
-29 - -1 - (-20 - -16) - (7 - 15)
-16
What is -2 - (-14 - -39 - 10)?
-17
-7 - 1 - (-8 + 13 + -12)
-1
Calculate 19 + (0 - -1) - (-40 - (57 + -101)).
16
What is the value of (-18 - (0 - -2)) + (1 - 11) + 6?
-24
What is the value of (38 + -17 - 8) + -3 + 5?
15
Calculate 0 + 1 + (4 - (23 - 0)).
-18
-123 + 138 - (1 + 21 - 2)
-5
3 + (-8 - -29) + -32
-8
Evaluate -2 - -8 - (17 - 10) - (2 - 6).
3
What is 4 - (-2 - (-1 - -1) - 2)?
8
20 + -17 + -21 + 8
-10
What is the value of -9 - (-17 - (-7 - 8))?
-7
(12 + -2 - 13) + 3 + 7
7
What is the value of (4 - 2) + -12 + (-10 - -18)?
-2
What is (7 + -16 - -20) + 7 - 5?
13
Calculate -10 + (14 - 5 - 5 - 2).
-8
What is the value of -29 - ((18 - 3) + -29 + 0)?
-15
Calculate 11 + 1 - (-4 - ((-1 - -5) + -9)).
11
What is the value of 18 + (-14 - 1 - 4)?
-1
-11 + (0 - (18 - (-2 - -34)))
3
What is the value of 44 - (71 + -35) - 27?
-19
What is (92 - 77) + -1 + -22?
-8
Evaluate -10 - ((9 - 0) + -15 + 11 + 14).
-29
-267 - -255 - (-1 - 1)
-10
Calculate -21 + (36 - -23) + -23.
15
What is the value of 0 - -15 - (-2 - (5 + -4))?
18
What is (-43 - -6) + -8 + 15 + (0 - 5)?
-35
What is the value of 4 - 13 - (-8 - -4) - (-3 - 3)?
1
-53 + 57 + -2 + -9 - -10
3
What is -24 + (10 - (-6 + 4)) + -3?
-15
Calculate -25 - -69 - (-14 - -50).
8
-4 - (6 + (10 - (-7 - (3 + 7))))
-37
What is -8 + -2 + (0 - -7)?
-3
Evaluate 0 + (-9 - (-7 - -2)).
-4
11 - -2 - (-21 - -44)
-10
2 - -14 - (9 + (-7 - -10) + -8)
12
What is (36 - 53) + -8 - (-11 - 1)?
-13
9 - 7 - (-1 + -2 + -2)
7
What is the value of 22 + -10 + (1 - 6) - 15?
-8
2 + -3 + (1 - (-13 + 12)) - 10
-9
What is (-10 - (0 - 5)) + 3?
-2
What is the value of 1 + (-38 - -36 - (4 - -2))?
-7
Calculate 0 + 12 + -33 + (2 - -6).
-13
Evaluate 117 + -93 + (1 - (-1 - 0)).
26
Calculate -14 + (27 - 0 - 33).
-20
Calculate (3 - 5) + 0 - 0 - (6 + -2).
-6
Evaluate 3 + (19 - (-30 - -28)).
24
What is the value of -31 - (19 + -44) - (-1 + -9)?
4
Calculate 34 + -29 + (6 + 0 - (10 - 11)).
12
Evaluate (15 - (-5 - -11)) + -54 + 17.
-28
What is the value of (-22 - -13 - -3) + 17?
11
Evaluate -12 - (-40 + (-8 - -21 - 10)).
25
What is 8 + (-34 - -1) + 0 - -5 - 0?
-20
Calculate (0 - (1 + -18 + 6 + 7)) + 8.
12
(-9 - (3 + -6)) + (1 - -2) + 10
7
What is (14 - 4) + -31 + -6?
-27
What is the value of 34 + -6 + -28 + 19?
19
Calculate -1 + 19 + 6 + -22.
2
13 + (-5 - 2) + (-3 - -8) + -1
10
Calculate 6 - (4 + (-4 - -5)) - (29 + -25).
-3
Evaluate (-17 - -5) + 20 + -18 + 8.
-2
What is (-5 - -4 - -11) + (54 - 34 - -4)?
34
Evaluate -8 - -2 - 5 - (-1 + -1 - 14).
5
Evaluate (-1091 - -1085) + (17 - (-1 + 1 + 1)).
10
What is (418 - 387) + (-1 - 52)?
-22
1 - 2 - 4 - (7 + -5 - 18)
11
Calculate 2 + 12 + -25 + 21 + 1 + -1.
10
What is -6 + (14 + -4 - 7)?
-3
Evaluate 5 + 36 - (-1 - (-10 - -14 - 14)).
32
What is 6 - ((1 - -9) + (-31 - -38))?
-11
7 + -10 + 3 + 3 - 9
-6
Calculate -13 - -14 - -12 - (43 - -1).
-31
Calculate 64 - 42 - (6 - (3 - 1 - 2)).
16
3 + (1 - (-5 + 4 + 4) - 6)
-5
41 - (29 + (-42 - -55))
-1
What is the value of 26 + (9 - 6) + -26?
3
What is 11 + -5 - (10 - (4 + -3 + 1))?
-2
Evaluate -9 + -1 + (91 - 54 - 33).
-6
Calculate 5 + -10 - 4 - (13 + -21 + 12).
-13
Calculate -9 + (-2 - (17 + -4)) + 2 + 4.
-18
What is 5 + (3 - 0 - (-22 + 17 + 1))?
12
Calculate (-50 - -23) + 18 + (1 - 0).
-8
What is the value of (-4 - 1) + -7 + 5 + 2 - 2?
-7
Calculate (29 - 52) + (8 - 2).
-17
Calculate -1 + -2 - -14 - (-72 + 65).
18
What is the value of 8 + -1 - (-883 + 885)?
5
What is the value of 7 + (-3 - -11) - 8?
7
Calculate -6 + ((0 - 1) + 6 - 4) - -4.
-1
Calculate 7 + (11 - 15) + -8 - -28.
23
8 - (14 - -3 - (16 + -15))
-8
(-2 - 0 - 3) + (-1 - -6) + -3
-3
What is the value of 14 - (101 + -94 + 9 + -2)?
0
Evaluate 1 - (11 - 1 - (62 + -48)).
5
Calculate -2 - (1 + (-14 - -19)).
-8
What is the value of -6 + -11 + -3 + -6 + 22?
-4
Calculate (-14 - (-7 - (-3 - -3))) + -5.
-12
(30 - 13) + -18 + (19 - 1)
17
(23 - 20) + -8 + 7
2
Calculate 3 + (-2 - -13 - (-3 + (34 - -15))).
-32
Evaluate (2 + -3 + 5 - 1 - 4) + 11.
10
1 + -14 - (-36 - 43 - -63)
3
-17 - (-32 - (26 + -3))
38
What is (-3 - -14) + (44 - 56)?
-1
Calculate 21 - 19 - (-5 + (-2 - -1)).
8
What is 2262 - 2293 - (0 - 22)?
-9
Evaluate 1 - 0 - (65 + -67) - 19.
-16
What is the value of (2 - (-2 - 2 - 1) - 18) + -9?
-20
Calculate -10 + 63 + -37 - (53 - -1).
-38
(1 - 6) + (32 - 28)
-1
What is (-25 - -3) + 3 + (-79 - -86)?
-12
What is 2 + -19 - (-37 + 30) - 1?
-11
Evaluate -1 + -10 + (12 + -32 - -40) + -18.
-9
What is (-13 - -12 - -11) + -4?
6
21 + (13 - 43) + -1 + 17
7
6 + 2 + -19 - -16
5
Evaluate 8 - (-24 + 7 + (9 - 17) + 3).
30
What is 13 + -33 + (-14 - -32)?
-2
Calculate -2 - (4 + (5 - 4 - (1 + 2))).
-4
What is the value of -3 - (-13 + 3) - (18 + -6) - -3?
-2
33 + -37 + 6 + -3
-1
Calculate -16 + 7 + (-2 + 8 - 5) + 21.
13
Evaluate 26 + 9 + 5 + (-21 - -8).
27
Calculate 2 + -4 + (-19 - (-8 - 9)).
-4
What is 1 + 7 + -82 + 77?
3
Calculate -19 + 2 - (19 + -31).
-5
Evaluate -5 + -21 + (-6 - -16).
-16
Evaluate -3 + 1 + -5 + -2 + 6 + -1.
-4
180 + -176 + (0 - 6)
-2
Calculate -14 + 13 + -17 - 1.
-19
What is the value of -15 + -2 + 8 + 1 + 196 + -207?
-19
What is the value of 22 - 24 - (7 - 17) - 28?
-20
Calculate 3 + (-3 - -15 - 7).
8
Calculate -5 + (-1 - 0) + -23 + -12 + 14.
-27
What is 153 + -157 + 1 + 4 - (25 - 0)?
-24
(3 - 12 - (-2 + -9)) + (-3 - 1)
-2
What is -141 + 108 - (-23 + 4)?
-14
Evaluate (-24 - (-82 - -55)) + (-3 - 1) + -1.
-2
What is 6 - 2 - (-22 + 35 + -38 + 5)?
24
-27 + (4 + 0 - (12 + -14))
-21
Calculate (5 + 11 - 8) + (-48 - -27).
-13
-10 - (2 + 0 - 6) - -17 - -1
12
What is -17 + 0 + -35 + 47?
-5
Calculate -13 + 0 + 3 + 1 + (-536 - -534).
-11
Calculate (-15 - (-15 - -6)) + 8 + (6 - 17).
-9
What is the value of (-28 - -27) + -13 + 13?
-1
Evaluate -9 - ((41 - 31) + -28).
9
What is (5 - (-10 + 15 - -11)) + 31?
20
What is the value of -12 + 1 - (-9 - (5 - 0))?
3
What is the value of (11 - 43) + -3 + 24?
-11
0 + -9 - (-12 + 9) - (-4 - -9)
-11
Evaluate 1 - (8 + -9 + 10).
-8
What is the value of 4 - -1 - (20 - 6 - (13 + -6))?
-2
Calculate -2 + (1 - 4 - 2 - 4).
-11
-35 + -10 - -73 - 24
4
What is (-11 - (-11 - -8)) + (6 - (-2 - 1))?
1
(-2 - -44) + (29 - 5 - 37)
29
Calculate -7 - 1 - (-17